 = -9*y**2 - 9*y**2 + 1 - 4*y + 17*y**2 + 0*y. What is p(-6)?
-11
Let s = 20 + -20. Let a(w) = w**3 + w**2 + w + 11. What is a(s)?
11
Let d(j) = -j**2 + 4*j + 2. Let u(z) = -2*z**2 - 5*z + 2. Let p be u(-4). Let n = p - -18. Suppose n = b + b. Calculate d(b).
2
Let l(a) = -6*a**3 + 4*a - 3*a - 7*a**3 - 5*a**3. Calculate l(-1).
17
Suppose -18 = -2*k - k. Suppose 0 = 2*d - 4 - k. Let s(m) = m**2 - 5*m. What is s(d)?
0
Let h be 4/(-10) - (-8)/20. Suppose -2*l + 16 = -h*l. Suppose l = o - 3*o. Let b(g) = g**2 + g - 4. Determine b(o).
8
Let o(t) = t**2 - 7*t + 3. Let c be o(6). Let d be ((-6)/(-15))/(1/5). Let g(v) = -v + v**3 + d*v**2 + v**2 - v - 4. Give g(c).
2
Let n(d) = 12*d - 2. Suppose 9*k = 10*k - 2. What is n(k)?
22
Let d(u) = -6*u + 5. Let i(w) = 7*w - 5. Let q(k) = 5*d(k) + 4*i(k). Calculate q(4).
-3
Let v(k) = 4*k. Suppose 0 = 4*g + 4*r - 4, 4*r = 3*g - 6*g + 2. Suppose -s - 5 = -3*u, -g*u - 3*s = -u - 5. What is v(u)?
8
Let k(w) be the third derivative of w**7/5040 + w**5/30 - 2*w**2. Let a(h) be the third derivative of k(h). Give a(1).
1
Let x(r) be the third derivative of -r**6/120 - r**5/12 - r**4/12 + 2*r**3/3 - r**2. Suppose 0*g = -g + 10. Let p be (-6)/(-15) + (-44)/g. Determine x(p).
-4
Let t(g) = -g. Suppose 2*z + 4*p = -0*z - 16, 2*z - 2*p - 2 = 0. Let u(m) = 2*m - 1. Let x(o) = z*t(o) + u(o). Calculate x(1).
3
Let o(q) = q**2 - 4. Let z be o(3). Let f = -10 + z. Let w(s) be the first derivative of -s**2 - 7*s - 7. Calculate w(f).
3
Let t = -8 - -10. Suppose -4*w = 4*b - 36, 3*b + 0 = t*w + 2. Suppose 0 = -5*k + g + 4, -3 - 13 = b*k + 4*g. Let i(r) = r**3 - r. What is i(k)?
0
Let n = 9 + -7. Suppose 0 = -n*h + 5 + 5. Let i(c) = 7 + 3*c - 4*c + 4*c**2 - c**3 + 6*c. Give i(h).
7
Let f(z) = -z**2 + 3*z + 5. Let b(y) = -10*y**3 + y**2 - 2*y + 1. Let a be b(1). Let n be (5/a)/((-1)/10). What is f(n)?
-5
Let l(a) = -11*a - 33. Let y be (-41)/(-3) - (-2)/(-3). Let o(c) = 5*c + 16. Let k(q) = y*o(q) + 6*l(q). Calculate k(5).
5
Let d(n) = 10*n**2 - n - 1. Let u be d(-1). Suppose -2*q + 27 = -5*v, -3*v - u = -1. Let c(h) = 1 + h - q + 0. What is c(4)?
-1
Let h(g) = 16*g**3 + 3 - 7*g**3 - 8*g**2 - 6*g - 10*g**3. Give h(-7).
-4
Let p(m) be the third derivative of m**4/24 + 11*m**3/6 - 37*m**2. Calculate p(-6).
5
Let r(q) = -2*q + 3. Let i be r(3). Let z(t) be the first derivative of -t**4/24 - 7*t**3/6 - t**2 - 2. Let f(d) be the second derivative of z(d). Give f(i).
-4
Let h(g) = 3*g + 1. Let d(u) = u. Let r(a) = 4*d(a) - h(a). What is r(6)?
5
Let k(o) = -o**3 + 2*o**2 - 2*o + 3. Let t be k(2). Let q(a) = -17*a + 6*a**2 - 17*a - 1 - 2*a**2 + 33*a. Give q(t).
4
Let i(g) = 10*g + 7*g**3 + 9 - 8*g**2 - 5*g**3 - 3*g**3. What is i(-9)?
0
Let g(k) = -k**2 - 6*k - 6. Let x be 4/10 + (324/10)/(-6). Calculate g(x).
-1
Let x(i) be the first derivative of i**4/4 - i**3 - i**2 - i - 4. Determine x(4).
7
Suppose 3*b = -3*u - 15, -5*b - u = 7 + 6. Let g(h) = 2*h**2 + h. Determine g(b).
6
Let d(x) = -x**3 + x**2 - 3. Let w be d(0). Let t = w + 5. Let f(v) = 6*v - 1 - 2*v - 3*v. Determine f(t).
1
Let m be (15/10)/(6/(-8)). Let b(h) be the first derivative of -h**4/4 - 2*h**3/3 - 3*h**2/2 - h - 5. Give b(m).
5
Let d(r) = -r**2 + 2*r. Let t(m) = 0*m + m**2 + 3*m - 1 - 2*m**2. Let c(v) = 3*d(v) - 4*t(v). Suppose 2*q = -2*b + 8, b + b + 3*q - 7 = 0. Give c(b).
-1
Let m(l) = 3*l + 6. Let p be (-19)/4 + 0 + (-1)/4. Calculate m(p).
-9
Let n(c) = -c**2 + 4*c + 1. Let f(z) = -z**2 - 9*z - 5. Let x be f(-8). Let j be x - (-8 + (-6)/(-2)). Let r = j - 5. Give n(r).
4
Suppose 0 = 3*z + 15, -4*z + 4 = 2*o + 12. Let v(p) = p**2 - 7*p + 11. Let c(s) = 1. Let b(a) = -5*c(a) + v(a). Give b(o).
0
Let p(n) = -4*n - n**2 + 3*n + 1 + 2*n**2. Let d(q) be the first derivative of -q**4/4 + 4*q**3/3 - 2*q**2 + 3*q - 3. Let j be d(2). What is p(j)?
7
Let t(u) = -u**2 + 7*u + 5*u**2 - 6 + 10*u**3 - 11*u**3. Determine t(5).
4
Let m(u) = u**3 + 7*u**2 - u - 7. Let r be (-1)/(((-30)/(-42))/5). Calculate m(r).
0
Let n(a) = -2*a + 3. Let l be (-6)/((-2)/(-1))*(-1 + 0). Calculate n(l).
-3
Let j(m) = m**3 + 7*m**2 - 7*m + 11. Let g be j(-8). Let i(v) = -v + v + 1 + 1 - g*v**2 + 2*v. Determine i(2).
-6
Let j = -64 + 67. Let m(u) = 2*u. What is m(j)?
6
Let w be 6*(0 - (-15)/(-9)). Let u(p) = -p**3 - 10*p**2 + p + 6. Calculate u(w).
-4
Let u(r) = r**2 - r + 1. Suppose 2*s + 15 = 5*s. Suppose s = 3*n - 4. Give u(n).
7
Let w(m) = -m**3 + 3*m**2 - 2*m + 4. Let h be ((-8)/14)/2 - 60/(-14). Give w(h).
-20
Let l(n) = -n + 2. Suppose 14 = 4*p + 3*o, -p + 0*o + 1 = 2*o. What is l(p)?
-3
Let s(t) = -5 + 4 + 0*t**3 - 4*t**2 + 2*t + t**3. Let y(d) = -3*d. Let u be y(-2). Let p be 7/2 - u/(-12). What is s(p)?
7
Let a(d) = -2*d**2 - 7*d + 2. Let s = -18 - -13. What is a(s)?
-13
Let a be 6 + -2 + (-1 - -3). Let i = -8 + a. Let y be 2/7*(i - -9). Let l(b) = -2*b + 3. Give l(y).
-1
Let h(w) = -w**2 + 8*w - 8*w + 5 - 3*w. Calculate h(-4).
1
Let b be 1 - (-1)/(1/(-1)). Let g(v) = 5*v + 12. Let k(q) = 2*q + 6. Let r(c) = -3*g(c) + 7*k(c). Calculate r(b).
6
Let c(q) = q + 12. Let v(b) = -3*b + 6. Let s be v(2). Calculate c(s).
12
Let n = 4 + -3. Let i be 5*n*(-2)/(-2). Let k(u) = 7*u + 1 + 23*u**2 - 19*u**2 + u - u**3 - 7. Determine k(i).
9
Let m(i) = 3*i**2 - 3*i - 1. Let j = -12 + 15. What is m(j)?
17
Let x(l) = 2*l**3 - l**3 + 5*l + 4*l**2 + 1 + 3. Let y = 2 + -2. Suppose -2*g - 5 - 1 = y. Give x(g).
-2
Suppose 2*h + 10 = -4*i - 2, -4*h = i - 11. Suppose 4*w + 4*u = 4, -h*w + u - 21 = -0*w. Let o(z) = z**2 + 3*z - 3. Give o(w).
1
Let l = 4 - 2. Let t(r) = -14*r**2 - 6*r. Let n(q) = 5*q**2 + 2*q. Let b(z) = -11*n(z) - 4*t(z). Give b(l).
8
Let x be 3/((-15)/12 - -2). Let p(s) = 13*s**2 - x*s - 14*s**2 + 2 + 9*s. What is p(3)?
8
Let z(y) = 4*y**2 + 8*y - 11. Let c(a) = -7*a**2 - 15*a + 21. Let h(l) = -3*c(l) - 5*z(l). Determine h(-8).
16
Let t(o) = 4*o**2 + 28*o - 34. Let p(a) = a**2 + 9*a - 11. Let r = -17 + 15. Let g(l) = r*t(l) + 7*p(l). Give g(6).
-3
Let l(b) = b**3 + 5*b**2 - 6*b + 4. Suppose 6*f + 45 - 9 = 0. What is l(f)?
4
Suppose -u + 5 = -0*b - 2*b, -5*b - 3*u - 18 = 0. Let c(m) = 2*m + 6. Calculate c(b).
0
Suppose 0 = v - 0*v. Suppose -3*d + v*d = -6. Let m(a) = -a**d - 4 - 3*a - 1 + 3*a**3 + 2*a - 2*a**3. Give m(0).
-5
Let t = -7 + 11. Suppose 0 = -t*x + 2 + 18. Let b(v) = 3*v + v + x + 4 - 5*v**2 + 3*v - v**3. Give b(-6).
3
Suppose -2*s + 0 + 4 = 0. Suppose 4 + 2 = 2*v. Let t(p) = -p + v - 3. Calculate t(s).
-2
Let t(l) = -l**3 - 5*l**2 - 4*l - 1. Let f = 15 - 18. Determine t(f).
-7
Suppose -2*y - u = -4*u - 12, -3*y + 18 = -3*u. Let f(v) = 7*v + 5. Let c(w) = -6*w - 4. Let r(p) = 6*c(p) + 5*f(p). Calculate r(y).
-5
Let r(k) = -16 + 3*k**2 - 5*k**2 + 4*k**2 - 3*k + 12. Determine r(3).
5
Let z(v) be the second derivative of -7*v**3/6 - v**2/2 + 2*v. Calculate z(-1).
6
Let y = 16 + -29. Let z = -8 - y. Let i(l) = 0 + 3*l + 2 - z. What is i(2)?
3
Suppose -6*x + 4*i - 16 = -11*x, 2*x = i - 4. Let c(z) be the second derivative of x + z**2 + 1/6*z**3 - 3*z. Determine c(-3).
-1
Let b(i) = i**3 - 13*i**2 + i - 11. Let a be b(13). Let n(w) = -2*w + 2*w**3 - w**3 - 3 + 0*w**2 - a*w**2. Calculate n(3).
0
Let y(a) = -4*a - 2*a + 3 + 8*a + 1. Determine y(-3).
-2
Let c be 5/10*(-8)/(-2). Let s(n) = -3*n + 2*n**3 + n**2 + 3*n - 3 + c. Determine s(-1).
-2
Let t(n) be the third derivative of n**7/2520 + n**6/144 - n**5/60 - n**4/8 - 4*n**2. Let v(x) be the second derivative of t(x). Calculate v(-5).
-2
Let z(p) = -p**3 - 4*p**2 + 4*p - 4. Let n(j) = j + 13. Let h be n(-9). Let i be h/(8/5)*-2. Determine z(i).
1
Let x(o) = -o**3 + 5*o**2 - 4*o - 4. Let w(v) = -4*v + 6. Let c(z) = 3*z - 6. Let g(q) = 6*c(q) + 5*w(q). Let b = -9 - -4. Let d be g(b). Calculate x(d).
-4
Let w(j) = 3*j**2 + 9*j**2 - 2 + 5*j - 11*j**2 + 4. Calculate w(-3).
-4
Let d(c) = 2*c + 1. Suppose 3*j + 3*y = 6, 0*y - 3*y = 4*j - 5. Calculate d(j).
-1
Let h = -11 + 7. Let z(y) be the third derivative of y**4/24 + y**3/2 + 2*y**2. Determine z(h).
-1
Let b be 21/(3/1) - 1. Suppose h = 3*h - b. Let t(o) = -o**3 + 4*o**2 - 3. What is t(h)?
6
Let s(w) = 3*w + 2. Let n(u) = 24*u + 17. Let c(i) = -6*n(i) + 51*s(i). Let h(x) = 208*x. Let f(o) = 91*c(o) - 4*h(o). Calculate f(-1).
13
Let p(n) = n - 9. Let v(o) be the second derivative of 2*o**2 - 5*o. 